digit of t?
1
Let k(g) = -g**3 - 7*g**2 - 8*g + 4. Let p be (0 + 1)/(8/40). Suppose 0 = -p*d + 7 - 42. What is the units digit of k(d)?
0
Suppose 0 = -37*v + 75*v - 80408. What is the thousands digit of v?
2
Suppose 16*t + 1447 = 7879. Suppose -3 = o, -5*h = o - t - 555. What is the hundreds digit of h?
1
Let j(b) = -b**2 - 23*b + 70. Suppose w + 19 = 2*m - 3*m, 0 = 5*w + 2*m + 104. What is the tens digit of j(w)?
9
Let u(h) = 4*h**3 - 5*h**2 + 9*h - 14. What is the units digit of u(3)?
6
Suppose 0 = 4*l - l - 9. Suppose 2*p + l*p - 3*f - 115 = 0, 110 = 5*p - 2*f. Suppose 2*c = 3*s + 3 + p, -5*s = 2*c - 31. What is the tens digit of c?
1
Let n = -5653 - -10893. What is the units digit of n?
0
Let r = -2 + 6. Suppose 0 = -r*p - u, -4 = 4*p + 4*u + 8. Suppose -4*f = -9 + p. What is the units digit of f?
2
Suppose 6315 = 8*f - 4285. What is the units digit of f?
5
Let u(l) = 5*l**2 + 2*l + 3. Let x(n) = 2*n**2 + 2. Let o(s) = 3*u(s) - 7*x(s). Suppose 35 = -3*t + 8. What is the units digit of o(t)?
2
Suppose -5*o - 2*b + 3626 = -164, 0 = b - 5. What is the hundreds digit of o?
7
Let o(q) = q**2 - 9*q. Let s be o(9). Let l(c) = c + 49. Let p be l(s). Suppose p = -4*y + 205. What is the tens digit of y?
3
Suppose -2*i - 22 = -70. Let f be (-1560)/(-36)*i/10. Suppose 0 = 4*r + 4*w - f, -3*r + 104 - 6 = -w. What is the tens digit of r?
3
Let h be 2*((-15)/2 - -3). Let n = 9 + h. Suppose -b + 0*b + 12 = n. What is the units digit of b?
2
Let a(o) be the third derivative of -o**5/60 - o**4/8 + 4*o**3/3 - o**2. Let f be a(-6). What is the units digit of (-2)/(-5) + (-46)/f?
5
Suppose -120 = 2*c + 2*m, -5*c + 3*m - 64 = -4*c. Let p = 119 + c. What is the tens digit of p?
5
Suppose 5*i + 4*u = i + 1936, 0 = 2*u. What is the hundreds digit of i?
4
Suppose 261*a - 257*a - 5980 = 0. What is the units digit of a?
5
Let c = 33 - 13. Suppose 9*k = 4*k + c. Suppose 0 = 3*t - k*d - 94, 3*d + 6 = t - 17. What is the tens digit of t?
3
What is the thousands digit of ((-1284)/16)/(15/(-240))?
1
Suppose 7*f - 6*f + 5*u - 62 = 0, -251 = -3*f - 2*u. Suppose 5*w - 217 = -4*x + x, -x + 2*w = -f. What is the units digit of x?
9
Suppose 0 = -x + 3*x - 20. Suppose b + b = x. Suppose f - 25 = b*d - d, -5*d = 4*f - 79. What is the units digit of f?
1
Suppose -52*r - 5430 = -55*r - 3*i, 2*i + 9085 = 5*r. What is the thousands digit of r?
1
Let a(h) = 2*h**2 + 7*h. Let f = -54 + 45. What is the tens digit of a(f)?
9
Suppose 5*f = 4*m + 96 + 188, -5*m = 5*f - 275. Let a = f + -35. What is the tens digit of a?
2
Suppose -a - 4*s = -1634, -4*s - 1768 = -2*a + 1512. Suppose f + 5*f = a. What is the units digit of f?
3
Suppose 0 = 2*v - 2*x - 2314, 2*x - 336 = v - 1494. What is the units digit of v?
6
Let p(a) = 4*a**2 + 60*a - 27. What is the hundreds digit of p(-21)?
4
Let z be (-2)/12*4 - (-70)/15. Suppose 0 = z*y + u - 944, y + 5*u + 968 = 5*y. What is the tens digit of y?
3
Let n(h) = 2*h - 6. Let k be n(4). Suppose -k = -15*z + 14*z. Suppose 2*w + 74 = 4*o, -z = 5*o - 5*w - 87. What is the tens digit of o?
2
Let t(o) = o - 2. Suppose -4 - 8 = -2*z. Let f be t(z). Suppose -76 = -3*i - 2*q - 3*q, -2*q = -f*i + 84. What is the tens digit of i?
2
Suppose 5*i = 2*t + 7, 0*t + 13 = t + 3*i. Suppose -2*f - t*k = -314, 0*f - 2*k + 316 = 2*f. What is the hundreds digit of f?
1
Suppose 3*g = -2*j - 4, 3*g + 6*j = 2*j + 4. Let x be (0 + -1)*164/g. Let p = -13 + x. What is the tens digit of p?
2
Suppose 84*m - 61103 = 22477. What is the hundreds digit of m?
9
Let j(p) = -p - 13. Let q be j(-13). Suppose 2*k + q*k = 34. What is the units digit of k?
7
Let k = -20 - -24. Suppose -2*m = -4*h - 254, -k*h + 560 = 4*m + h. What is the units digit of m?
5
Let r = 3880 - 2753. Suppose i + 454 = 2*d - 3*i, 5*d = 2*i + r. Suppose -4*y - y = -d. What is the units digit of y?
5
Let r(g) be the third derivative of -5*g**4/24 + 8*g**3/3 + 4*g**2. What is the units digit of r(-7)?
1
Suppose -9*q + 11*q - 46 = 0. Let g be 33 + 2 + (-2)/1. Let x = g - q. What is the tens digit of x?
1
Let z = 9 + 4. Let v = z - 14. What is the tens digit of -1 + 1 + v - -21?
2
Suppose 4*d + 20 = 0, -d = -g - 2*d + 768. What is the tens digit of g?
7
Suppose -4*r = -5*r + 1. Let n be 126 - (r/1)/(-1). Let o = n + -66. What is the units digit of o?
1
Let h(g) = g**3 + 20*g**2 - 2*g - 39. Let l be h(-20). What is the units digit of -40*((-10)/4)/l?
0
Suppose -3*p - 7*q + 29 = -3*q, 2*q - 10 = 0. Suppose -37 - 8 = -c - s, -2*c - p*s = -86. What is the tens digit of c?
4
Let i(y) = -5*y**2 + 12*y - 10. Let a(u) = -9*u**2 + 24*u - 18. Let w(m) = -6*a(m) + 11*i(m). Let x be 9*1/((-2)/2). What is the tens digit of w(x)?
2
Suppose -4*d + d = 5*a, -6 = 3*a + 3*d. Let r(i) = i**2 - i - 4. Let u be r(a). What is the units digit of (42/4)/(u/4)?
1
Let p be (1009/(-4))/((-5)/20). Suppose 7*k - p - 202 = 0. What is the hundreds digit of k?
1
Let w = -376 - -1581. What is the thousands digit of w?
1
Suppose -2*w - 8 = 2*j + 12, -4*j - 15 = -w. What is the tens digit of -1 + ((-3475)/w)/5?
3
Let n(p) = -3*p - 9. Let b be n(-4). Let y = b + 3. What is the units digit of -26*(y/(-4) + 1)?
3
What is the tens digit of (-35)/((-420)/576) - (-4 - 0)?
5
Suppose 9*r = 538 + 1082. What is the tens digit of r?
8
What is the units digit of (-11)/(-10 - 1)*1862?
2
Let g = 106 - 33. Let u = g - 70. What is the units digit of u?
3
Let x(i) = -2*i - 12. Let s be x(-8). Suppose 0 = 3*a - 3*w, 0*a - 2*a - 4 = -s*w. What is the units digit of a?
2
Let m = 14 - 11. Suppose j - m = -0. Suppose 3*h - 19 = -j*k + 2*h, 5*k - 4*h - 43 = 0. What is the units digit of k?
7
Let j(o) = -o**2 + 98*o + 11. What is the units digit of j(9)?
2
Let n(q) = -2*q**2 + 17*q + 13. Let b be n(9). Suppose -2*l + 52 = 4*t, b*t - 3*t + 5 = 0. What is the units digit of l?
6
Suppose 0 = -5*v + 705 + 30. Let j(k) = -k**2 - 5*k + 2. Let p be j(-12). Let c = p + v. What is the tens digit of c?
6
Suppose -11 - 37 = -3*c. Suppose -c*h = -19*h + 99. What is the tens digit of h?
3
Suppose -5*r - 10 = 40. Let k be 1 - ((1 - -2) + r). What is the units digit of (-4)/6*(-180)/k?
5
Suppose 4*g = -m + 60, 3*m - 4*g = -m + 240. What is the tens digit of m?
6
What is the tens digit of 1 + (2324 - (-33)/3)?
3
Suppose -2*r = -8*r. Suppose -2*a + i + 2*i + 41 = r, -116 = -5*a + 3*i. What is the tens digit of a?
2
Let c = -398 + 634. What is the units digit of c?
6
Let m(w) = -w - 3. Suppose -3*z + 28 = -7*z. Let u be m(z). Suppose 4*p - 3*y = -5*y + 96, 5*y = u*p - 68. What is the tens digit of p?
2
Let b(n) = n**2 - n - 11. Let y be b(5). Let t(d) = -y - 2*d + 4*d**3 - 2*d**3 - d**3 + 6*d**2. What is the units digit of t(-6)?
3
Suppose -3136 = -3*t - t. What is the units digit of t/35 + (-4)/10?
2
Let i = 23 - -22. Suppose -3*k + 7*k - 3*w = i, 0 = 3*k - w - 40. What is the units digit of k?
5
Let g(c) = c**3 - 3*c**2 - 4. Let z be g(4). Suppose 4*f - z = -0*f. Suppose 5*x + 72 = f*y + y, 3*y + x = 73. What is the tens digit of y?
2
Let n = -5302 + 8144. What is the hundreds digit of n?
8
Let h = 27 + -19. Let l(c) = -14*c + 3 - h + 15 + 7 + 12*c**2 + c**3. What is the units digit of l(-13)?
0
Suppose -107 - 1036 = -2*r - i, 0 = 5*r - 5*i - 2850. What is the units digit of r?
1
Suppose -z + 2*s - 1 = -0, s = -2*z + 23. Suppose -5*x - 380 = -5*n, -n = -4*x - z - 64. What is the tens digit of n?
7
Suppose -4*f + 1132 = 3*a, f + 212 = 3*a + 495. What is the hundreds digit of f?
2
Let w be (-486)/(-8) - (-8)/32. Let x = w - 35. What is the units digit of x?
6
Let j = 29 + -24. Let m = j + 25. What is the tens digit of m?
3
Suppose 6*z + 611 - 1991 = 0. What is the hundreds digit of (z/(-8))/((-1)/8)?
2
Suppose 3*a + 5 = -10. Let l = a + 9. Suppose -g + 14 = -4*w, -l*g = -9*g - w + 91. What is the units digit of g?
8
Suppose -5*z - j + 831 = -2964, 3*j = 3*z - 2295. What is the units digit of z?
0
Let w = 1091 - 608. What is the tens digit of w?
8
Let w be (72/20)/9 + 4/(-10). Suppose w = -4*r + 92 + 260. What is the tens digit of r?
8
Let c = -18 + 11. Let m(f) = -22*f - 34. What is the units digit of m(c)?
0
Suppose -3*c = 15, 5854 = 3*f - 18*c + 13*c. What is the thousands digit of f?
1
Let k = 268 - -141. What is the tens digit of k?
0
Let t(r) be the third derivative of -7*r**4/24 - 35*r**3/3 